2. Suppose y - 36 = 4*n, 2*y - 9 - m = 2*n. Let j be z(n). Calculate the greatest common factor of 7 and j.
7
Let f = -207 + 340. What is the greatest common factor of 19 and f?
19
Suppose -114 = 2*n - 42. Let k be (n/(-16))/(1/8). Let z = -3 + k. What is the greatest common divisor of 135 and z?
15
Let u = 47 - 23. Suppose -c + 6*c = -4*g + 28, 5*c - 14 = 3*g. Suppose g*m + 2*m - 70 = -3*t, 4*m - 2*t = 60. Calculate the highest common factor of m and u.
8
Suppose -p = -0*p + 2*g - 3, -5*p = 4*g - 15. Let i be (-22)/(p + (-29)/9). Calculate the highest common factor of 11 and i.
11
Suppose -2*j - 19 = -3*j. Let t be 2 + j*5 - -2. Let w be (5 + -3)*22/4. What is the greatest common divisor of t and w?
11
Suppose 3 = 2*f - 65. Let g be -2 + -1 + 53 + 1. Calculate the highest common divisor of f and g.
17
Suppose 6*y - 5*y - 33 = 2*i, 87 = 3*y - 3*i. Let r = -21 + y. Calculate the greatest common divisor of 8 and r.
4
Suppose 2*j + 0*h + 8 = -3*h, 2*j - 4*h = 20. Calculate the highest common divisor of j and 22.
2
Let q be (-8)/44 + (-224)/(-22). Suppose 5*l - 27 = -p, 14 + 7 = 3*p + 3*l. Calculate the greatest common divisor of p and q.
2
Let n(u) = -u**2 - u + 19. Let r be n(0). Calculate the greatest common divisor of r and 19.
19
Let s = -5 + 7. Calculate the greatest common divisor of 1 and s.
1
Let m(u) = u**3 - 4*u**2 - 4. Let o be m(5). Suppose 6*c - 3*c = o. Calculate the highest common divisor of c and 14.
7
Suppose 0 = -0*f + f. Suppose f = 5*j - 0*j - 20. What is the highest common divisor of 8 and j?
4
Suppose 4*k + 68 = 3*d, -k + 10 = -2*d + 52. What is the highest common factor of d and 40?
20
Let r(z) = -z**2 + 7*z - 2. Let g be 14/6 + 12/18. Let s be r(g). Calculate the highest common factor of 20 and s.
10
Suppose 10*v + 4 = 34. What is the greatest common divisor of 3 and v?
3
Suppose 72 = 6*x - 0*x. Calculate the highest common divisor of x and 12.
12
Let o = -110 - -175. What is the greatest common factor of 26 and o?
13
Let m be (-1)/(-1) + 1 + 0. Suppose 0 = 5*v + 143 - 233. Calculate the greatest common factor of v and m.
2
Suppose -7 = -5*l + 63. Let a be (21/(-6))/(2/(-24)). Calculate the highest common divisor of a and l.
14
Let r = 9 + -5. Suppose 3*z + 47 = 5*s, -r*s = -5*z - 21 - 27. Calculate the highest common divisor of 63 and s.
7
Let q be 7 + 1 + 1 + -4. Let c be (2 - (1 - -1)) + 0. Suppose c*x = -5*x + 125. Calculate the highest common factor of x and q.
5
Suppose -3*m = -4*k + 45, k = -2*k + 2*m + 34. Calculate the greatest common factor of k and 3.
3
Let f be (0 - (0 + 2)) + 26. Suppose 0*x - 2*x = -4. Suppose 0*t - 8 = -x*t. Calculate the greatest common factor of t and f.
4
Let h(m) = m**3 + 16*m**2 - 16*m + 21. Let f be h(-17). What is the highest common divisor of f and 36?
4
Let a = -29 + 59. Let x = 4 - -8. What is the highest common factor of a and x?
6
Let h(p) = 3*p + 4. Let r be h(6). Suppose -r = -c - c. Suppose b + 64 + 13 = 3*y, 0 = y - 4*b - c. Calculate the highest common factor of 3 and y.
3
Let v = -3 + 7. Let h be 16/(-6)*21/(-14). Calculate the highest common factor of h and v.
4
Let x be -2 + 20 - 14/7. Suppose -2*t + 0*t + 12 = 4*v, 4*v = -x. What is the greatest common factor of t and 112?
14
Suppose c = 0, 2*c - 89 + 257 = 4*t. Suppose 8*s = 3*s. Suppose s = 4*x + 5*o - 39, -3*o = 5*x - 4*o - 27. Calculate the greatest common divisor of x and t.
6
Let o(u) = -16*u - 1. Let s be 2/8 - (-5)/(-4). Let h be o(s). Let n be ((-90)/(-4))/(2/8). Calculate the highest common factor of h and n.
15
Let w(l) = 94*l + 1. Let o(u) = -u**3 + 9*u**2 + 11*u - 7. Let q be o(10). Let v be w(q). Suppose 5*p = 522 + v. What is the highest common factor of 23 and p?
23
Suppose -4*b + 5*b - 5*r = -77, 5 = -r. Let v be b/(-4) + (-4)/(-8). What is the greatest common divisor of 234 and v?
26
Let b(w) = w**3 + 6*w**2 - 4*w - 5. Let m be b(5). Calculate the greatest common divisor of 10 and m.
10
Suppose 0 = 10*m - 70 - 80. Calculate the greatest common divisor of m and 60.
15
Let z = -566 - -391. Let l = -107 - z. What is the highest common factor of 17 and l?
17
Let s(n) = 2*n**3 - n**2 - 2*n. Let j be 1 + (1 - 1) + 2. Let b be s(j). Let l be (297/22 - 10)*(-52)/(-7). What is the highest common factor of l and b?
13
Let q = 7 + 59. Calculate the greatest common divisor of 165 and q.
33
Let n be (4/3)/(2/12). Suppose 2*g - 12 = 5*m - 2*g, 2*g - 6 = -5*m. Suppose o - 40 = -m*o. Calculate the greatest common factor of n and o.
8
Let n(m) = 7*m - 35. Let q be n(7). Calculate the greatest common factor of 42 and q.
14
Let j = -2 + 4. Suppose j*o - 4 = 4*o. Let u = 6 - o. Calculate the greatest common factor of 72 and u.
8
Let r = -311 - -563. What is the greatest common factor of r and 14?
14
Suppose 6 - 2 = -4*f. Let v(a) = 3*a**2 - 3*a**2 + 17*a**2. Let m be v(f). Calculate the highest common factor of m and 187.
17
Suppose 2*v - 7*v = t - 25, 0 = 5*t + v - 125. Let l = t + -22. What is the highest common divisor of l and 9?
3
Suppose 3*s - 5*i = -3*i + 284, 5*s + 5*i = 490. Suppose 3*f = s - 390. Let l = -13 - f. What is the greatest common factor of 17 and l?
17
Let d(s) = s. Let u be d(1). Let w be 37 + u*-1*2. Suppose 5*x - 20 = q, -3*q + 5*x - 6 = 4. Calculate the greatest common divisor of w and q.
5
Let c(d) = -d**2 + 7*d - 6. Let o be (-1)/4 - (-21)/4. Let t be c(o). Let g be 41/t - (-4)/(-16). Calculate the highest common factor of g and 5.
5
Suppose -k + 5*k = -2*g - 2, 3*g + 3*k = 3. What is the highest common divisor of 3 and g?
3
Suppose 4*g - 5*q = 740, -2*q = -4*g - 3*q + 716. Calculate the highest common divisor of g and 60.
60
Let s = -32 - -33. What is the greatest common divisor of s and 4?
1
Suppose 2*u + 0*y - 2*y - 26 = 0, 0 = -3*y + 12. Let p = 84 - -52. Calculate the greatest common factor of p and u.
17
Let l = -6 + 7. Let u be l*((-1)/(-1) - 0). Let w be u*1/(1/2). What is the greatest common divisor of 2 and w?
2
Suppose 23 = -4*g - 3*s - 8, -16 = 3*g - 5*s. Let u = 9 + g. Suppose 96 = u*f - 0*f. What is the highest common factor of 12 and f?
12
Suppose 5*p - 27 + 9 = -q, 2*p = q + 10. What is the highest common divisor of p and 36?
4
Suppose 0*z = -f + 2*z + 90, 4*z - 436 = -5*f. Suppose -16 = -5*v + 3*v. What is the greatest common factor of f and v?
8
Let d be 1/(1*(-2)/(-70)). Let h be ((-10)/6)/((-75)/225). Calculate the highest common divisor of d and h.
5
Suppose 190 - 60 = 5*k. Suppose 3*n - 2*n - 13 = 0. What is the greatest common factor of n and k?
13
Suppose c = -2*d, 2*d = -3*d - 25. What is the greatest common divisor of 10 and c?
10
Let x be 138/8 - 3/24*2. What is the highest common divisor of x and 68?
17
Let m be -2 - (-4)/(4/9). Suppose 0 = -2*g + 3*g - 68. Suppose 2*i = -12 + g. What is the greatest common divisor of m and i?
7
Let b(v) = 3*v + 4. Let f be b(-9). Let k = f + 68. Let n be 2/(-6) + 16/3. What is the highest common factor of k and n?
5
Suppose 3*t = -q + 8, -4*t - 2*q + 12 = -0*t. Suppose 0 = f + t*f - 9. Suppose 4*b - 31 = -c - b, f*c - 13 = b. Calculate the highest common factor of 66 and c.
6
Suppose 0*w = 3*b + w - 96, 3*b = 5*w + 78. Calculate the greatest common factor of 62 and b.
31
Let d be (-26)/(-6) - (-1)/(-3). Suppose 15 = p - d. Let v = -9 + p. Calculate the highest common factor of 15 and v.
5
Let s(m) = m**3 - 7*m**2 + m + 3. Let p be s(6). Let o = p - -48. Suppose 4*n = 304 + 284. What is the highest common divisor of o and n?
21
Let y be (-261)/2*1*(-14)/21. Let x be (-4)/6 + 176/3. Calculate the greatest common factor of y and x.
29
Let a = 13 - 7. Let b(r) = 6*r - 42. Let v be b(12). Calculate the greatest common divisor of a and v.
6
Let a be (-12)/(-5)*90/3. Let o = -10 - -13. Suppose o*k - 40 = -2*k. What is the highest common factor of a and k?
8
Let d(a) = 3*a**2 + 6*a + 6. Let b be d(-4). What is the highest common divisor of b and 10?
10
Suppose 0 = -2*x - 2 - 2, 0 = -s + 5*x + 14. Suppose -2*k = -2, -2*k - k - 53 = -s*c. Calculate the greatest common divisor of 14 and c.
14
Let j = 18 - -17. What is the highest common factor of j and 105?
35
Let v(n) be the second derivative of -n**5/20 - 5*n**4/6 + 3*n**3/2 - n**2 + 6*n. Let d be v(-11). What is the highest common factor of 10 and d?
10
Let c(b) = -b + 11. Let f be c(-5)